{"id":1461,"date":"2023-06-20T10:26:09","date_gmt":"2023-06-20T08:26:09","guid":{"rendered":"https:\/\/semaineroyale.com\/?page_id=1461"},"modified":"2024-06-14T15:34:45","modified_gmt":"2024-06-14T13:34:45","slug":"faq","status":"publish","type":"page","link":"https:\/\/semaineroyale.com\/it\/faq\/","title":{"rendered":"FAQ"},"content":{"rendered":"<div data-elementor-type=\"wp-page\" data-elementor-id=\"1461\" class=\"elementor elementor-1461\" data-elementor-post-type=\"page\">\n\t\t\t\t<div class=\"elementor-element elementor-element-b500258 e-flex e-con-boxed e-con e-parent\" data-id=\"b500258\" data-element_type=\"container\" data-settings=\"{&quot;background_background&quot;:&quot;classic&quot;}\">\n\t\t\t\t\t<div class=\"e-con-inner\">\n\t\t<div class=\"elementor-element elementor-element-6ae6faf e-flex e-con-boxed e-con e-child\" data-id=\"6ae6faf\" data-element_type=\"container\" data-settings=\"{&quot;background_background&quot;:&quot;classic&quot;}\">\n\t\t\t\t\t<div class=\"e-con-inner\">\n\t\t\t\t<div class=\"elementor-element elementor-element-4cc218d elementor-widget elementor-widget-heading\" data-id=\"4cc218d\" data-element_type=\"widget\" data-widget_type=\"heading.default\">\n\t\t\t\t<div class=\"elementor-widget-container\">\n\t\t\t<style>\/*! elementor - v3.22.0 - 24-06-2024 *\/\n.elementor-heading-title{padding:0;margin:0;line-height:1}.elementor-widget-heading .elementor-heading-title[class*=elementor-size-]>a{color:inherit;font-size:inherit;line-height:inherit}.elementor-widget-heading .elementor-heading-title.elementor-size-small{font-size:15px}.elementor-widget-heading .elementor-heading-title.elementor-size-medium{font-size:19px}.elementor-widget-heading .elementor-heading-title.elementor-size-large{font-size:29px}.elementor-widget-heading .elementor-heading-title.elementor-size-xl{font-size:39px}.elementor-widget-heading .elementor-heading-title.elementor-size-xxl{font-size:59px}<\/style><h2 class=\"elementor-heading-title elementor-size-default\">FAQ<\/h2>\t\t<\/div>\n\t\t\t\t<\/div>\n\t\t\t\t<div class=\"elementor-element elementor-element-5e94e0b elementor-widget elementor-widget-bdt-accordion\" data-id=\"5e94e0b\" data-element_type=\"widget\" data-widget_type=\"bdt-accordion.default\">\n\t\t\t\t<div class=\"elementor-widget-container\">\n\t\t\t        <div class=\"bdt-ep-accordion-container\">\n            <div id=\"bdt-ep-accordion-5e94e0b\" class=\"bdt-ep-accordion bdt-accordion\" data-bdt-accordion=\"{&quot;collapsible&quot;:true,&quot;multiple&quot;:false,&quot;transition&quot;:&quot;ease-in-out&quot;}\" data-settings=\"{&quot;id&quot;:&quot;bdt-ep-accordion-5e94e0b&quot;,&quot;activeHash&quot;:&quot;no&quot;,&quot;activeScrollspy&quot;:null,&quot;hashTopOffset&quot;:false,&quot;hashScrollspyTime&quot;:false}\">\n                                    <div class=\"bdt-ep-accordion-item bdt-open\">\n                        <div class=\"bdt-ep-accordion-title bdt-accordion-title bdt-flex bdt-flex-middle bdt-flex-between\" id=\"bdt-ep-accordion-o-aura-lieu-la-semaine-royale\" data-accordion-index=\"0\" data-title=\"o-aura-lieu-la-semaine-royale\" role=\"heading\">\n\n                                                            <span class=\"bdt-ep-accordion-icon bdt-flex-align-right\" aria-hidden=\"true\">\n\n                                                                            <span class=\"bdt-ep-accordion-icon-closed\">\n                                            <i aria-hidden=\"true\" class=\"fa-fw fas fa-chevron-down\"><\/i>                                        <\/span>\n                                    \n                                                                            <span class=\"bdt-ep-accordion-icon-opened\">\n                                            <i aria-hidden=\"true\" class=\"fa-fw fas fa-chevron-up\"><\/i>                                        <\/span>\n                                    \n                                <\/span>\n                            \n                            <span class=\"bdt-ep-title-text bdt-flex bdt-flex-middle\">\n\n                                                                Dove si terr\u00e0 la Semaine Royale?                            <\/span>\n\n                        <\/div>\n                        <div class=\"bdt-ep-accordion-content bdt-accordion-content\">\n                            <p>La Settimana Reale si svolger\u00e0 presso la Cit\u00e9 Royale, 21 rue des Vieilles Vignes, 77183 Croissy-Beaubourg.<\/p>                        <\/div>\n                    <\/div>\n                                    <div class=\"bdt-ep-accordion-item\">\n                        <div class=\"bdt-ep-accordion-title bdt-accordion-title bdt-flex bdt-flex-middle bdt-flex-between\" id=\"bdt-ep-accordion-lentre-est-elle-payante\" data-accordion-index=\"1\" data-title=\"l-entr-e-est-elle-payante\" role=\"heading\">\n\n                                                            <span class=\"bdt-ep-accordion-icon bdt-flex-align-right\" aria-hidden=\"true\">\n\n                                                                            <span class=\"bdt-ep-accordion-icon-closed\">\n                                            <i aria-hidden=\"true\" class=\"fa-fw fas fa-chevron-down\"><\/i>                                        <\/span>\n                                    \n                                                                            <span class=\"bdt-ep-accordion-icon-opened\">\n                                            <i aria-hidden=\"true\" class=\"fa-fw fas fa-chevron-up\"><\/i>                                        <\/span>\n                                    \n                                <\/span>\n                            \n                            <span class=\"bdt-ep-title-text bdt-flex bdt-flex-middle\">\n\n                                                                C'\u00e8 un costo d'ingresso?                            <\/span>\n\n                        <\/div>\n                        <div class=\"bdt-ep-accordion-content bdt-accordion-content\">\n                            <p>L'ingresso all'evento \u00e8 gratuito, tranne che per il concerto Gospel celebrativo.<\/p>                        <\/div>\n                    <\/div>\n                                    <div class=\"bdt-ep-accordion-item\">\n                        <div class=\"bdt-ep-accordion-title bdt-accordion-title bdt-flex bdt-flex-middle bdt-flex-between\" id=\"bdt-ep-accordion-o-puis-je-acheter-les-places-du-concert\" data-accordion-index=\"2\" data-title=\"o-puis-je-acheter-les-places-du-concert\" role=\"heading\">\n\n                                                            <span class=\"bdt-ep-accordion-icon bdt-flex-align-right\" aria-hidden=\"true\">\n\n                                                                            <span class=\"bdt-ep-accordion-icon-closed\">\n                                            <i aria-hidden=\"true\" class=\"fa-fw fas fa-chevron-down\"><\/i>                                        <\/span>\n                                    \n                                                                            <span class=\"bdt-ep-accordion-icon-opened\">\n                                            <i aria-hidden=\"true\" class=\"fa-fw fas fa-chevron-up\"><\/i>                                        <\/span>\n                                    \n                                <\/span>\n                            \n                            <span class=\"bdt-ep-title-text bdt-flex bdt-flex-middle\">\n\n                                                                Dove posso acquistare i biglietti per il concerto?                            <\/span>\n\n                        <\/div>\n                        <div class=\"bdt-ep-accordion-content bdt-accordion-content\">\n                            <p>\u00c8 possibile acquistare i biglietti al seguente link: <a href=\"https:\/\/www.billetweb.fr\/royal-gospel-celebration2\">https:\/\/www.billetweb.fr\/royal-gospel-celebration2<\/a><\/p>                        <\/div>\n                    <\/div>\n                                    <div class=\"bdt-ep-accordion-item\">\n                        <div class=\"bdt-ep-accordion-title bdt-accordion-title bdt-flex bdt-flex-middle bdt-flex-between\" id=\"bdt-ep-accordion-jaimerais-faire-une-offrande-pour-contribuer-cet-vnement\" data-accordion-index=\"3\" data-title=\"j-aimerais-faire-une-offrande-pour-contribuer-cet-v-nement\" role=\"heading\">\n\n                                                            <span class=\"bdt-ep-accordion-icon bdt-flex-align-right\" aria-hidden=\"true\">\n\n                                                                            <span class=\"bdt-ep-accordion-icon-closed\">\n                                            <i aria-hidden=\"true\" class=\"fa-fw fas fa-chevron-down\"><\/i>                                        <\/span>\n                                    \n                                                                            <span class=\"bdt-ep-accordion-icon-opened\">\n                                            <i aria-hidden=\"true\" class=\"fa-fw fas fa-chevron-up\"><\/i>                                        <\/span>\n                                    \n                                <\/span>\n                            \n                            <span class=\"bdt-ep-title-text bdt-flex bdt-flex-middle\">\n\n                                                                Desidero fare un'offerta per contribuire a questo evento?                             <\/span>\n\n                        <\/div>\n                        <div class=\"bdt-ep-accordion-content bdt-accordion-content\">\n                            <p>Durante la Settimana Reale ci saranno molte occasioni per seminare in quest'opera. Tuttavia, se volete contribuire ora, potete farlo cliccando su questo link: <strong>FARE UNA DONAZIONE <\/strong><\/p>                        <\/div>\n                    <\/div>\n                                    <div class=\"bdt-ep-accordion-item\">\n                        <div class=\"bdt-ep-accordion-title bdt-accordion-title bdt-flex bdt-flex-middle bdt-flex-between\" id=\"bdt-ep-accordion-puis-je-faire-garder-mes-enfants-sur-place\" data-accordion-index=\"4\" data-title=\"puis-je-faire-garder-mes-enfants-sur-place\" role=\"heading\">\n\n                                                            <span class=\"bdt-ep-accordion-icon bdt-flex-align-right\" aria-hidden=\"true\">\n\n                                                                            <span class=\"bdt-ep-accordion-icon-closed\">\n                                            <i aria-hidden=\"true\" class=\"fa-fw fas fa-chevron-down\"><\/i>                                        <\/span>\n                                    \n                                                                            <span class=\"bdt-ep-accordion-icon-opened\">\n                                            <i aria-hidden=\"true\" class=\"fa-fw fas fa-chevron-up\"><\/i>                                        <\/span>\n                                    \n                                <\/span>\n                            \n                            <span class=\"bdt-ep-title-text bdt-flex bdt-flex-middle\">\n\n                                                                Posso far assistere i miei figli in loco?                             <\/span>\n\n                        <\/div>\n                        <div class=\"bdt-ep-accordion-content bdt-accordion-content\">\n                            <p>L'assistenza temporanea ai bambini sar\u00e0 disponibile solo per i volontari della Settimana Reale. Tutti i bambini di et\u00e0 inferiore ai 3 anni devono essere tenuti in grembo.<\/p>                        <\/div>\n                    <\/div>\n                                    <div class=\"bdt-ep-accordion-item\">\n                        <div class=\"bdt-ep-accordion-title bdt-accordion-title bdt-flex bdt-flex-middle bdt-flex-between\" id=\"bdt-ep-accordion-puis-je-me-procurer-certains-ouvrages\" data-accordion-index=\"5\" data-title=\"puis-je-me-procurer-certains-ouvrages\" role=\"heading\">\n\n                                                            <span class=\"bdt-ep-accordion-icon bdt-flex-align-right\" aria-hidden=\"true\">\n\n                                                                            <span class=\"bdt-ep-accordion-icon-closed\">\n                                            <i aria-hidden=\"true\" class=\"fa-fw fas fa-chevron-down\"><\/i>                                        <\/span>\n                                    \n                                                                            <span class=\"bdt-ep-accordion-icon-opened\">\n                                            <i aria-hidden=\"true\" class=\"fa-fw fas fa-chevron-up\"><\/i>                                        <\/span>\n                                    \n                                <\/span>\n                            \n                            <span class=\"bdt-ep-title-text bdt-flex bdt-flex-middle\">\n\n                                                                Posso avere alcuni dei suoi libri?                             <\/span>\n\n                        <\/div>\n                        <div class=\"bdt-ep-accordion-content bdt-accordion-content\">\n                            <p>S\u00ec, il Royal Store sar\u00e0 aperto per tutta la Settimana Reale, dove si potranno acquistare libri, oggetti, abiti, ecc.<\/p>                        <\/div>\n                    <\/div>\n                                    <div class=\"bdt-ep-accordion-item\">\n                        <div class=\"bdt-ep-accordion-title bdt-accordion-title bdt-flex bdt-flex-middle bdt-flex-between\" id=\"bdt-ep-accordion-si-jarrive-avant-puis-je-rserver-des-places-pour-mes-proches\" data-accordion-index=\"6\" data-title=\"si-j-039-arrive-avant-puis-je-r-server-des-places-pour-mes-proches\" role=\"heading\">\n\n                                                            <span class=\"bdt-ep-accordion-icon bdt-flex-align-right\" aria-hidden=\"true\">\n\n                                                                            <span class=\"bdt-ep-accordion-icon-closed\">\n                                            <i aria-hidden=\"true\" class=\"fa-fw fas fa-chevron-down\"><\/i>                                        <\/span>\n                                    \n                                                                            <span class=\"bdt-ep-accordion-icon-opened\">\n                                            <i aria-hidden=\"true\" class=\"fa-fw fas fa-chevron-up\"><\/i>                                        <\/span>\n                                    \n                                <\/span>\n                            \n                            <span class=\"bdt-ep-title-text bdt-flex bdt-flex-middle\">\n\n                                                                Se arrivo prima, posso prenotare i posti per la mia famiglia?                             <\/span>\n\n                        <\/div>\n                        <div class=\"bdt-ep-accordion-content bdt-accordion-content\">\n                            <p>Si prevedono oltre 7.000 visitatori al giorno. Per motivi logistici, non sar\u00e0 possibile prenotare i posti.<\/p>                        <\/div>\n                    <\/div>\n                                    <div class=\"bdt-ep-accordion-item\">\n                        <div class=\"bdt-ep-accordion-title bdt-accordion-title bdt-flex bdt-flex-middle bdt-flex-between\" id=\"bdt-ep-accordion-est-ce-que-je-pourrai-rencontrer-un-pasteur\" data-accordion-index=\"7\" data-title=\"est-ce-que-je-pourrai-rencontrer-un-pasteur\" role=\"heading\">\n\n                                                            <span class=\"bdt-ep-accordion-icon bdt-flex-align-right\" aria-hidden=\"true\">\n\n                                                                            <span class=\"bdt-ep-accordion-icon-closed\">\n                                            <i aria-hidden=\"true\" class=\"fa-fw fas fa-chevron-down\"><\/i>                                        <\/span>\n                                    \n                                                                            <span class=\"bdt-ep-accordion-icon-opened\">\n                                            <i aria-hidden=\"true\" class=\"fa-fw fas fa-chevron-up\"><\/i>                                        <\/span>\n                                    \n                                <\/span>\n                            \n                            <span class=\"bdt-ep-title-text bdt-flex bdt-flex-middle\">\n\n                                                                Potr\u00f2 incontrare un pastore?                             <\/span>\n\n                        <\/div>\n                        <div class=\"bdt-ep-accordion-content bdt-accordion-content\">\n                            <p>Certo che \u00e8 possibile. Basta recarsi allo stand \"Pastoral Staff\" e un membro del personale fisser\u00e0 un appuntamento per voi.<\/p>                        <\/div>\n                    <\/div>\n                            <\/div>\n        <\/div>\n    \t\t<\/div>\n\t\t\t\t<\/div>\n\t\t\t\t\t<\/div>\n\t\t\t\t<\/div>\n\t\t\t\t\t<\/div>\n\t\t\t\t<\/div>\n\t\t\t\t<\/div>","protected":false},"excerpt":{"rendered":"<p>Dove si terr\u00e0 la Semaine Royale? La Semaine Royale si svolger\u00e0 presso la Cit\u00e9 Royale, 21 rue des Vieilles Vignes, 77183 Croissy-Beaubourg. L'ingresso \u00e8 a pagamento? L'ingresso all'evento \u00e8 gratuito, tranne che per il concerto Gospel celebrativo. Dove posso acquistare i biglietti per il concerto? \u00c8 possibile acquistare i biglietti...<\/p>","protected":false},"author":1,"featured_media":0,"parent":0,"menu_order":0,"comment_status":"closed","ping_status":"closed","template":"","meta":{"_kad_post_transparent":"","_kad_post_title":"hide","_kad_post_layout":"fullwidth","_kad_post_sidebar_id":"","_kad_post_content_style":"unboxed","_kad_post_vertical_padding":"hide","_kad_post_feature":"hide","_kad_post_feature_position":"","_kad_post_header":false,"_kad_post_footer":false,"footnotes":""},"class_list":["post-1461","page","type-page","status-publish","hentry"],"_links":{"self":[{"href":"https:\/\/semaineroyale.com\/it\/wp-json\/wp\/v2\/pages\/1461","targetHints":{"allow":["GET"]}}],"collection":[{"href":"https:\/\/semaineroyale.com\/it\/wp-json\/wp\/v2\/pages"}],"about":[{"href":"https:\/\/semaineroyale.com\/it\/wp-json\/wp\/v2\/types\/page"}],"author":[{"embeddable":true,"href":"https:\/\/semaineroyale.com\/it\/wp-json\/wp\/v2\/users\/1"}],"replies":[{"embeddable":true,"href":"https:\/\/semaineroyale.com\/it\/wp-json\/wp\/v2\/comments?post=1461"}],"version-history":[{"count":5,"href":"https:\/\/semaineroyale.com\/it\/wp-json\/wp\/v2\/pages\/1461\/revisions"}],"predecessor-version":[{"id":2014,"href":"https:\/\/semaineroyale.com\/it\/wp-json\/wp\/v2\/pages\/1461\/revisions\/2014"}],"wp:attachment":[{"href":"https:\/\/semaineroyale.com\/it\/wp-json\/wp\/v2\/media?parent=1461"}],"curies":[{"name":"wp","href":"https:\/\/api.w.org\/{rel}","templated":true}]}}

<div data-elementor-type="wp-page" data-elementor-id="1461" class="elementor elementor-1461" data-elementor-post-type="page">
				<div class="elementor-element elementor-element-b500258 e-flex e-con-boxed e-con e-parent" data-id="b500258" data-element_type="container" data-settings="{&quot;background_background&quot;:&quot;classic&quot;}">
					<div class="e-con-inner">
		<div class="elementor-element elementor-element-6ae6faf e-flex e-con-boxed e-con e-child" data-id="6ae6faf" data-element_type="container" data-settings="{&quot;background_background&quot;:&quot;classic&quot;}">
					<div class="e-con-inner">
				<div class="elementor-element elementor-element-4cc218d elementor-widget elementor-widget-heading" data-id="4cc218d" data-element_type="widget" data-widget_type="heading.default">
				<div class="elementor-widget-container">
			<style>/*! elementor - v3.22.0 - 24-06-2024 */
.elementor-heading-title{padding:0;margin:0;line-height:1}.elementor-widget-heading .elementor-heading-title[class*=elementor-size-]>a{color:inherit;font-size:inherit;line-height:inherit}.elementor-widget-heading .elementor-heading-title.elementor-size-small{font-size:15px}.elementor-widget-heading .elementor-heading-title.elementor-size-medium{font-size:19px}.elementor-widget-heading .elementor-heading-title.elementor-size-large{font-size:29px}.elementor-widget-heading .elementor-heading-title.elementor-size-xl{font-size:39px}.elementor-widget-heading .elementor-heading-title.elementor-size-xxl{font-size:59px}</style><h2 class="elementor-heading-title elementor-size-default">FAQ</h2>		</div>
				</div>
				<div class="elementor-element elementor-element-5e94e0b elementor-widget elementor-widget-bdt-accordion" data-id="5e94e0b" data-element_type="widget" data-widget_type="bdt-accordion.default">
				<div class="elementor-widget-container">
			        <div class="bdt-ep-accordion-container">
            <div id="bdt-ep-accordion-5e94e0b" class="bdt-ep-accordion bdt-accordion" data-bdt-accordion="{&quot;collapsible&quot;:true,&quot;multiple&quot;:false,&quot;transition&quot;:&quot;ease-in-out&quot;}" data-settings="{&quot;id&quot;:&quot;bdt-ep-accordion-5e94e0b&quot;,&quot;activeHash&quot;:&quot;no&quot;,&quot;activeScrollspy&quot;:null,&quot;hashTopOffset&quot;:false,&quot;hashScrollspyTime&quot;:false}">
                                    <div class="bdt-ep-accordion-item bdt-open">
                        <div class="bdt-ep-accordion-title bdt-accordion-title bdt-flex bdt-flex-middle bdt-flex-between" id="bdt-ep-accordion-o-aura-lieu-la-semaine-royale" data-accordion-index="0" data-title="o-aura-lieu-la-semaine-royale" role="heading">

                                                            <span class="bdt-ep-accordion-icon bdt-flex-align-right" aria-hidden="true">

                                                                            <span class="bdt-ep-accordion-icon-closed">
                                            <i aria-hidden="true" class="fa-fw fas fa-chevron-down"></i>                                        </span>
                                    
                                                                            <span class="bdt-ep-accordion-icon-opened">
                                            <i aria-hidden="true" class="fa-fw fas fa-chevron-up"></i>                                        </span>
                                    
                                </span>
                            
                            <span class="bdt-ep-title-text bdt-flex bdt-flex-middle">

                                                                Dove si terrà la Semaine Royale?                            </span>

                        </div>
                        <div class="bdt-ep-accordion-content bdt-accordion-content">
                            <p>La Settimana Reale si svolgerà presso la Cité Royale, 21 rue des Vieilles Vignes, 77183 Croissy-Beaubourg.</p>                        </div>
                    </div>
                                    <div class="bdt-ep-accordion-item">
                        <div class="bdt-ep-accordion-title bdt-accordion-title bdt-flex bdt-flex-middle bdt-flex-between" id="bdt-ep-accordion-lentre-est-elle-payante" data-accordion-index="1" data-title="l-entr-e-est-elle-payante" role="heading">

                                                            <span class="bdt-ep-accordion-icon bdt-flex-align-right" aria-hidden="true">

                                                                            <span class="bdt-ep-accordion-icon-closed">
                                            <i aria-hidden="true" class="fa-fw fas fa-chevron-down"></i>                                        </span>
                                    
                                                                            <span class="bdt-ep-accordion-icon-opened">
                                            <i aria-hidden="true" class="fa-fw fas fa-chevron-up"></i>                                        </span>
                                    
                                </span>
                            
                            <span class="bdt-ep-title-text bdt-flex bdt-flex-middle">

                                                                C'è un costo d'ingresso?                            </span>

                        </div>
                        <div class="bdt-ep-accordion-content bdt-accordion-content">
                            <p>L'ingresso all'evento è gratuito, tranne che per il concerto Gospel celebrativo.</p>                        </div>
                    </div>
                                    <div class="bdt-ep-accordion-item">
                        <div class="bdt-ep-accordion-title bdt-accordion-title bdt-flex bdt-flex-middle bdt-flex-between" id="bdt-ep-accordion-o-puis-je-acheter-les-places-du-concert" data-accordion-index="2" data-title="o-puis-je-acheter-les-places-du-concert" role="heading">

                                                            <span class="bdt-ep-accordion-icon bdt-flex-align-right" aria-hidden="true">

                                                                            <span class="bdt-ep-accordion-icon-closed">
                                            <i aria-hidden="true" class="fa-fw fas fa-chevron-down"></i>                                        </span>
                                    
                                                                            <span class="bdt-ep-accordion-icon-opened">
                                            <i aria-hidden="true" class="fa-fw fas fa-chevron-up"></i>                                        </span>
                                    
                                </span>
                            
                            <span class="bdt-ep-title-text bdt-flex bdt-flex-middle">

                                                                Dove posso acquistare i biglietti per il concerto?                            </span>

                        </div>
                        <div class="bdt-ep-accordion-content bdt-accordion-content">
                            <p>È possibile acquistare i biglietti al seguente link: <a href="https://www.billetweb.fr/royal-gospel-celebration2">https://www.billetweb.fr/royal-gospel-celebration2</a></p>                        </div>
                    </div>
                                    <div class="bdt-ep-accordion-item">
                        <div class="bdt-ep-accordion-title bdt-accordion-title bdt-flex bdt-flex-middle bdt-flex-between" id="bdt-ep-accordion-jaimerais-faire-une-offrande-pour-contribuer-cet-vnement" data-accordion-index="3" data-title="j-aimerais-faire-une-offrande-pour-contribuer-cet-v-nement" role="heading">

                                                            <span class="bdt-ep-accordion-icon bdt-flex-align-right" aria-hidden="true">

                                                                            <span class="bdt-ep-accordion-icon-closed">
                                            <i aria-hidden="true" class="fa-fw fas fa-chevron-down"></i>                                        </span>
                                    
                                                                            <span class="bdt-ep-accordion-icon-opened">
                                            <i aria-hidden="true" class="fa-fw fas fa-chevron-up"></i>                                        </span>
                                    
                                </span>
                            
                            <span class="bdt-ep-title-text bdt-flex bdt-flex-middle">

                                                                Desidero fare un'offerta per contribuire a questo evento?                             </span>

                        </div>
                        <div class="bdt-ep-accordion-content bdt-accordion-content">
                            <p>Durante la Settimana Reale ci saranno molte occasioni per seminare in quest'opera. Tuttavia, se volete contribuire ora, potete farlo cliccando su questo link: <strong>FARE UNA DONAZIONE </strong></p>                        </div>
                    </div>
                                    <div class="bdt-ep-accordion-item">
                        <div class="bdt-ep-accordion-title bdt-accordion-title bdt-flex bdt-flex-middle bdt-flex-between" id="bdt-ep-accordion-puis-je-faire-garder-mes-enfants-sur-place" data-accordion-index="4" data-title="puis-je-faire-garder-mes-enfants-sur-place" role="heading">

                                                            <span class="bdt-ep-accordion-icon bdt-flex-align-right" aria-hidden="true">

                                                                            <span class="bdt-ep-accordion-icon-closed">
                                            <i aria-hidden="true" class="fa-fw fas fa-chevron-down"></i>                                        </span>
                                    
                                                                            <span class="bdt-ep-accordion-icon-opened">
                                            <i aria-hidden="true" class="fa-fw fas fa-chevron-up"></i>                                        </span>
                                    
                                </span>
                            
                            <span class="bdt-ep-title-text bdt-flex bdt-flex-middle">

                                                                Posso far assistere i miei figli in loco?                             </span>

                        </div>
                        <div class="bdt-ep-accordion-content bdt-accordion-content">
                            <p>L'assistenza temporanea ai bambini sarà disponibile solo per i volontari della Settimana Reale. Tutti i bambini di età inferiore ai 3 anni devono essere tenuti in grembo.</p>                        </div>
                    </div>
                                    <div class="bdt-ep-accordion-item">
                        <div class="bdt-ep-accordion-title bdt-accordion-title bdt-flex bdt-flex-middle bdt-flex-between" id="bdt-ep-accordion-puis-je-me-procurer-certains-ouvrages" data-accordion-index="5" data-title="puis-je-me-procurer-certains-ouvrages" role="heading">

                                                            <span class="bdt-ep-accordion-icon bdt-flex-align-right" aria-hidden="true">

                                                                            <span class="bdt-ep-accordion-icon-closed">
                                            <i aria-hidden="true" class="fa-fw fas fa-chevron-down"></i>                                        </span>
                                    
                                                                            <span class="bdt-ep-accordion-icon-opened">
                                            <i aria-hidden="true" class="fa-fw fas fa-chevron-up"></i>                                        </span>
                                    
                                </span>
                            
                            <span class="bdt-ep-title-text bdt-flex bdt-flex-middle">

                                                                Posso avere alcuni dei suoi libri?                             </span>

                        </div>
                        <div class="bdt-ep-accordion-content bdt-accordion-content">
                            <p>Sì, il Royal Store sarà aperto per tutta la Settimana Reale, dove si potranno acquistare libri, oggetti, abiti, ecc.</p>                        </div>
                    </div>
                                    <div class="bdt-ep-accordion-item">
                        <div class="bdt-ep-accordion-title bdt-accordion-title bdt-flex bdt-flex-middle bdt-flex-between" id="bdt-ep-accordion-si-jarrive-avant-puis-je-rserver-des-places-pour-mes-proches" data-accordion-index="6" data-title="si-j-039-arrive-avant-puis-je-r-server-des-places-pour-mes-proches" role="heading">

                                                            <span class="bdt-ep-accordion-icon bdt-flex-align-right" aria-hidden="true">

                                                                            <span class="bdt-ep-accordion-icon-closed">
                                            <i aria-hidden="true" class="fa-fw fas fa-chevron-down"></i>                                        </span>
                                    
                                                                            <span class="bdt-ep-accordion-icon-opened">
                                            <i aria-hidden="true" class="fa-fw fas fa-chevron-up"></i>                                        </span>
                                    
                                </span>
                            
                            <span class="bdt-ep-title-text bdt-flex bdt-flex-middle">

                                                                Se arrivo prima, posso prenotare i posti per la mia famiglia?                             </span>

                        </div>
                        <div class="bdt-ep-accordion-content bdt-accordion-content">
                            <p>Si prevedono oltre 7.000 visitatori al giorno. Per motivi logistici, non sarà possibile prenotare i posti.</p>                        </div>
                    </div>
                                    <div class="bdt-ep-accordion-item">
                        <div class="bdt-ep-accordion-title bdt-accordion-title bdt-flex bdt-flex-middle bdt-flex-between" id="bdt-ep-accordion-est-ce-que-je-pourrai-rencontrer-un-pasteur" data-accordion-index="7" data-title="est-ce-que-je-pourrai-rencontrer-un-pasteur" role="heading">

                                                            <span class="bdt-ep-accordion-icon bdt-flex-align-right" aria-hidden="true">

                                                                            <span class="bdt-ep-accordion-icon-closed">
                                            <i aria-hidden="true" class="fa-fw fas fa-chevron-down"></i>                                        </span>
                                    
                                                                            <span class="bdt-ep-accordion-icon-opened">
                                            <i aria-hidden="true" class="fa-fw fas fa-chevron-up"></i>                                        </span>
                                    
                                </span>
                            
                            <span class="bdt-ep-title-text bdt-flex bdt-flex-middle">

                                                                Potrò incontrare un pastore?                             </span>

                        </div>
                        <div class="bdt-ep-accordion-content bdt-accordion-content">
                            <p>Certo che è possibile. Basta recarsi allo stand "Pastoral Staff" e un membro del personale fisserà un appuntamento per voi.</p>                        </div>
                    </div>
                            </div>
        </div>
    		</div>
				</div>
					</div>
				</div>
					</div>
				</div>
				</div>

<p>Dove si terrà la Semaine Royale? La Semaine Royale si svolgerà presso la Cité Royale, 21 rue des Vieilles Vignes, 77183 Croissy-Beaubourg. L'ingresso è a pagamento? L'ingresso all'evento è gratuito, tranne che per il concerto Gospel celebrativo. Dove posso acquistare i biglietti per il concerto? È possibile acquistare i biglietti...</p>
